p - p + 32 = 0. Let b be f(p). Suppose -44 = -3*w + 10. Calculate the highest common factor of b and w.
9
Suppose -2*t + 14 = 5*s, -17 = -2*s + 5*t - 2*t. Let f be (6/1)/(21/112). Calculate the greatest common divisor of s and f.
4
Suppose 15 = 4*q - q. Suppose 5*n - 6 = 19. Suppose -5*a + 20 = 0, -g + n*g = 3*a + 68. What is the greatest common factor of g and q?
5
Let d(b) = -2 - 5*b + 0 - 6*b - 1. Let n be d(-3). Calculate the highest common divisor of 15 and n.
15
Let h(o) = 4*o**3 - o**2 - 2*o + 3. Let v be h(2). Suppose s = v - 9. What is the greatest common factor of 18 and s?
18
Suppose 8 = 2*p - 2. Calculate the greatest common factor of p and 20.
5
Let m = -76 + 94. Calculate the highest common divisor of m and 9.
9
Let s = -48 + 84. Suppose -2*u + 4*n = -s, -2*u = 4*n - 19 - 9. What is the highest common divisor of 8 and u?
8
Suppose -5*g - 13 = 6*x - 3*x, -3*g - 7 = x. Let j be -2 - (0 - g - 9). Suppose 7 = -j*f + 27. Calculate the highest common divisor of f and 1.
1
Let l(h) = h**3 + 8*h**2 + 6*h + 7. Let m = -24 + 17. Let w be l(m). What is the highest common divisor of w and 98?
14
Suppose -2*d = -5*u + 11, u - 2*d - 7 = -4*d. What is the highest common factor of 24 and u?
3
Suppose 4*y - 18 = -2*y. Calculate the greatest common divisor of 33 and y.
3
Let o(f) = f**2 - 1. Let m(n) = 5*n**2 + 2*n - 3. Let h(s) = m(s) - 3*o(s). Let c be h(-3). Calculate the highest common divisor of c and 84.
12
Let r be (1 + -1)*(-9 - -8). Suppose 5*b + 78 = 4*h, r = -4*h - b + 16 + 74. What is the highest common divisor of h and 110?
22
Suppose 0 = 2*g - n - 69, -g + 0*g + n = -33. Let b be (4/(-3))/((-4)/6). Let y = b + 2. What is the highest common factor of y and g?
4
Suppose 51 + 124 = 5*t. Let p = t - -28. What is the highest common factor of 9 and p?
9
Suppose 0 = -8*q + 12*q - 700. Calculate the highest common divisor of q and 35.
35
Suppose -2*k = 5*k - 224. What is the greatest common divisor of 4 and k?
4
Let t = 24 - 16. Suppose 0 = b - t. What is the greatest common factor of 8 and b?
8
Let p = 2 - -3. Suppose u - 10 = -2*q, -q + 71 = p*u + 2*q. What is the greatest common divisor of 4 and u?
4
Suppose 36 = 2*p - 54. What is the highest common factor of p and 5?
5
Suppose 8*x - 575 = 193. Calculate the greatest common divisor of x and 12.
12
Let q(w) = 17*w**2 + 4. Let g be q(-2). Calculate the greatest common divisor of 18 and g.
18
Let o be (0/2)/(-4 - -2). Suppose 0 = -4*k - o*k + 8. Suppose -k*t + 24 = t. Calculate the greatest common divisor of t and 64.
8
Let h(n) = 2*n**3 - 26*n**2 + 7*n + 14. Let q be h(13). Calculate the greatest common divisor of q and 15.
15
Let r be 12/(-32)*-4*8. What is the greatest common factor of 8 and r?
4
Suppose -s + 216 + 77 = 4*z, 0 = 5*z + 5*s - 385. What is the highest common divisor of 48 and z?
24
Let w = -2 + 10. What is the highest common divisor of w and 32?
8
Let u = -26 + 28. What is the greatest common factor of 8 and u?
2
Suppose -10*i + 23 = -67. Calculate the highest common divisor of 36 and i.
9
Let o = 5 - 3. Suppose 0 = t - o*t + 68. Suppose 0*d = 4*d - t. Calculate the highest common factor of 119 and d.
17
Suppose -3*w + 74 = -w + 5*q, -w = -q - 37. Let u = w + 3. Suppose 3*c = 8*c - 40. What is the greatest common divisor of c and u?
8
Let z be 55 + (2/10 - (-4)/5). Calculate the greatest common factor of z and 32.
8
Let t be 0 + 1 + (0 - 1). Suppose -u + j + 3 = 0, 2*j - 4*j + 1 = 5*u. Suppose -3*y - u + 7 = t. Calculate the greatest common divisor of y and 2.
2
Let d = -12 + 29. What is the greatest common factor of 17 and d?
17
Suppose -5*g + 3*p + 64 = 0, 4*p = 10 - 2. What is the highest common factor of g and 2?
2
Let u(k) = -58*k + 10. Let j be u(-4). What is the greatest common divisor of 22 and j?
22
Let s(u) = u - 1. Let i be s(3). Suppose i + 10 = 4*m. Suppose 6*z - m*z = 42. Calculate the greatest common divisor of z and 154.
14
Suppose -k = -2*k + 85. What is the greatest common divisor of k and 17?
17
Let c(i) = i**2 + i - 8. Let r be c(-5). What is the greatest common factor of 30 and r?
6
Suppose -11 = h - 1. Let j = h + 14. What is the greatest common factor of 32 and j?
4
Let w = -1 - -3. Suppose 0*x + w*x + 3*k = 101, -99 = -2*x - k. What is the highest common divisor of x and 7?
7
Let g be 2/(-1 + 3) - -47. Let u be -1 - (-3)/(6/218). Suppose 4*m - u = 5*v, 2*v = -5*m + m + 136. Calculate the greatest common factor of g and m.
16
Let v be ((-36)/(-7))/((-3)/(-14)). Let l be (3 + 0)/(v/88). What is the highest common factor of l and 33?
11
Let b = 130 + 140. What is the greatest common factor of 30 and b?
30
Let f = -9 + 20. What is the greatest common factor of f and 121?
11
Let d be ((-155)/(-5))/((-1)/(-1)). Suppose 4*x - 2*x = -3*o - d, 0 = 4*x - 4*o + 112. Let b = x + 41. Calculate the greatest common divisor of b and 126.
18
Let f = 100 - 30. Suppose -4*s + f = -2. Calculate the greatest common divisor of 36 and s.
18
Let t(y) = 6*y**2 - 10*y + 9. Let b be t(6). Calculate the greatest common factor of b and 15.
15
Let o be ((-8)/(-4))/(4/34). What is the highest common factor of o and 187?
17
Let d(p) = 6 - 2 - 5*p + 2 - p**2. Let s be d(-5). Calculate the greatest common divisor of 66 and s.
6
Suppose -6*n + n = -z + 39, -z = 3*n - 15. Calculate the greatest common divisor of 36 and z.
12
Let k be (-1 + 10)*15/9. Let v be 106/3 + (-5)/k. Calculate the greatest common divisor of v and 5.
5
Let o = 22 - -7. What is the greatest common divisor of 29 and o?
29
Let i = 10 + -13. Let r be (0 - -8)*(i - -4). What is the greatest common factor of r and 88?
8
Suppose 0*t + t - 72 = 0. What is the greatest common divisor of 9 and t?
9
Let j(n) = -12*n + 9. Let h be j(-5). What is the highest common divisor of h and 23?
23
Let m(c) be the second derivative of c**5/20 + c**4/4 + c**3/3 - c**2/2 - c. Let d be m(-3). Let o = -4 - d. What is the highest common divisor of o and 9?
3
Suppose -7*o - 3 = -8*o. Let m(t) = 62*t - 6. Let v be m(o). Calculate the highest common factor of 20 and v.
20
Let g = -5 - -27. Let a = -8 + 63. What is the highest common divisor of g and a?
11
Let m be (-6)/(-4)*(-16)/(-3). Let d = -94 + 158. Calculate the highest common divisor of d and m.
8
Let p be (-3)/(-3) + (-2 - -4). Suppose 22 - 4 = p*f. Calculate the greatest common factor of f and 6.
6
Let c = 16 + -23. Let t(f) = f**2 - 8*f + 5. Let x be t(c). What is the greatest common divisor of 22 and x?
22
Let q(x) = -x**3 - 8*x**2 - 5*x - 18. Let m be q(-8). Calculate the greatest common factor of 154 and m.
22
Let c = -35 + 49. Calculate the highest common divisor of 126 and c.
14
Let r = 3 + -4. Let g(u) = -44*u + 1. Let n be g(r). Let p be (-6)/((-1)/((-3)/(-2))). Calculate the highest common divisor of p and n.
9
Suppose -3*c - 407 = -4*d, 2*d = -5*c + 3*c + 186. Calculate the highest common divisor of d and 14.
14
Let v = -121 - -123. What is the greatest common divisor of 38 and v?
2
Let z(i) = -28*i - 3 + 28*i + i**2. Let m be z(-5). Let n be 1548/28 + 4/(-14). What is the greatest common factor of m and n?
11
Let v be 0 - -1 - (-6 + (-560 - -6)). What is the greatest common divisor of 51 and v?
51
Let r(n) = -2*n**2 - 10*n + 5. Let c be r(-5). Calculate the highest common factor of c and 20.
5
Let y be (-96)/30 + (-1)/(-5). Let c = 43 + y. What is the greatest common divisor of 10 and c?
10
Let k be (174/9 + -4)*3. What is the highest common divisor of k and 46?
46
Let x be (6/4)/((-1)/12). Let h be 40/3*(-9)/6. Let r be h/3*x/6. Calculate the greatest common divisor of r and 50.
10
Let b be 15/2 + (-2)/4. Calculate the highest common factor of 1 and b.
1
Let l be 4 - (-106 - 2)/4. What is the greatest common divisor of l and 341?
31
Suppose 0 = -0*t + 5*t - 165. What is the greatest common factor of 33 and t?
33
Suppose -4*k - 3*s + 25 = 0, -k - 1 = -3*s - 11. Suppose 5*j - 3*b = 330, -j - 3*b = -70 + 4. Let h = j - -11. What is the greatest common factor of h and k?
7
Suppose 0 = 3*f - 5*f - 6. Let d = 1 + f. Let g(v) = -2*v**3 - 2*v**2 - 2*v - 1. Let u be g(d). What is the highest common factor of u and 88?
11
Suppose -23 = -o + 7. Calculate the greatest common factor of o and 45.
15
Let d = 241 + -209. Let r be (-2 - 2/2)*-96. Calculate the greatest common factor of